ivided by a.
0
What is the remainder when 4/(-3)*(-24 - (-2 - -2)) is divided by 6?
2
Let f(n) = 2*n + 24. What is the remainder when f(17) is divided by 12?
10
Suppose 1 = -5*h + 2*j, h = j + 4*j + 9. Calculate the remainder when 40 is divided by 2 + (-5 - h) - -16.
12
Let g(d) = d**2 - 7*d + 12. Calculate the remainder when 31 is divided by g(7).
7
Let p be ((-21)/(-9))/(2/6). Let u be (p + -2)*2/2. Suppose -5*o = 3*a - 32, -u*o + 2 = -2*a + 15. What is the remainder when 17 is divided by a?
8
Suppose 0 = -4*r + 2 + 562. What is the remainder when r is divided by 16?
13
Calculate the remainder when (-4 - 52/(-12))/((-2)/(-306)) is divided by 18.
15
Calculate the remainder when 37 is divided by 80/6 + (-1)/3.
11
Let z(j) = 4*j - 11. Let u be z(7). Let a = u - -31. Suppose -3*b - 12 = 0, -4*c = -2*b + 26 - 102. What is the remainder when a is divided by c?
14
Suppose -138 = -2*i - 10. Suppose 0*r - 2*r + i = 0. Calculate the remainder when r is divided by 9.
5
Let j = -4 + 8. Suppose -j*k + 42 = -3*k. Calculate the remainder when k is divided by 15.
12
Suppose 2*b - 63 = -0*b - 3*a, 4*b = -a + 121. Suppose -5*j - b - 18 = -r, -5 = j. Calculate the remainder when r is divided by 13.
10
Suppose -2 = 2*l - 6, 5*l + 46 = 4*g. Let o be (-6)/(19/18 - 1). Calculate the remainder when g is divided by o/(-14) + 4/14.
6
Suppose 2*i = -5*d + 26, 5*d = 5*i + 10 - 5. Suppose -2*s + 4*s = 4*q - 14, -i*q + 18 = s. Calculate the remainder when (s/(-2))/((-1)/14) is divided by 11.
10
Suppose -16 = -4*u, 2*u = 2*v - 0*u - 48. Suppose 4*h = -3*w + 22, -h = -2*w - 2*h + 18. Calculate the remainder when v is divided by (-3 - (-2 - 1)) + w.
8
Let h = 255 - 175. What is the remainder when h is divided by 21?
17
Let c(k) = k**2 + 7*k - 2. Let y be ((-16)/6)/((-5)/(-15)). Calculate the remainder when 15 is divided by c(y).
3
Let s be (-2 + 4)/(-2)*4. What is the remainder when (2/s)/((-2)/116) is divided by 10?
9
Let q be (4/(-8))/((-2)/100). Let t = q - -20. Calculate the remainder when t is divided by 23.
22
Let i = 15 - 11. Suppose -4*h + 12 = i*w, 5*h - 10 = -4*w + 3*h. Let q = 23 - 21. What is the remainder when w is divided by q?
0
Let w(r) = -r - 2. Let l be w(-7). Suppose l*a = -12 + 107. What is the remainder when a is divided by 7?
5
Let i(v) = -v**2 + 9*v + 1. Calculate the remainder when 58 is divided by i(7).
13
What is the remainder when 34 is divided by 2/(-5) + (-47)/(-5)?
7
Let t be (1 - 2)/((-1)/3). Let i(g) = -g**2 + 3*g + 4. Let h be i(t). Suppose -2*j = -2 - h. Calculate the remainder when 7 is divided by j.
1
Suppose 160 = 4*i + 5*v - v, 206 = 5*i + 3*v. What is the remainder when i is divided by 15?
13
Let k be (-2*2)/(0 + 1). Suppose q = 5*g - 6, -4*g + 6 = -2*g. Let v = k + q. What is the remainder when v is divided by 3?
2
Suppose -2*x - 15 = x, -c - 4*x = 15. Suppose -w + 3*w - 26 = -3*b, c*w = -4*b + 44. Suppose 2 = d - 2. What is the remainder when b is divided by d?
2
What is the remainder when (-154)/(-6) - (-4)/12 is divided by 7?
5
Let g(s) = 5*s - 8. Let r be g(-8). Let w be 6*1*r/(-18). Suppose w = d - 9. Calculate the remainder when 49 is divided by d.
24
Let n(o) = 4*o**3 + 2*o**2 - o. Let p be n(1). Suppose 6*z + p = z. Let w = z + 3. Calculate the remainder when 3 is divided by w.
1
Let p = 19 - -3. Suppose -k + p = k. What is the remainder when k is divided by (-12)/(-2)*6/6?
5
Let o = -1 + 4. Suppose 2*x + o*i - 17 = 0, 0 = -4*x - 4*i + 23 + 17. Calculate the remainder when 50 is divided by x.
11
Let m be (-3)/6*1*-4. What is the remainder when 14 is divided by m*(-8)/(-2)*1?
6
Let j be (-6)/(-9) - (-32)/(-12). What is the remainder when 4 is divided by 80/25 + j/10?
1
What is the remainder when 23 is divided by (-52)/(-8)*(5 - 3)?
10
Let a(s) = s**2 - 2*s + 1. Let g(d) = 2*d**2 + 11*d - 6. Let n be g(-8). Suppose 0 = -o - o + n. Calculate the remainder when a(8) is divided by o.
15
Suppose 4*t - 3*t = -2*y + 23, -3*t + 5*y = -14. Let f(k) = 3*k**3 - k**2 + 4*k - 3. Calculate the remainder when f(2) is divided by t.
12
Let i(h) = -2*h**3 - 19*h**2 - 10*h - 1. Calculate the remainder when (2 + -1 - 0) + 29 is divided by i(-9).
6
Let o be 22/(2*3/(-6)). Let f(r) = -12*r**2 + r. Let q be f(2). Let h = o - q. Calculate the remainder when h is divided by 13.
11
Let c(t) = 12*t + 76. What is the remainder when 30 is divided by c(-5)?
14
Suppose 58 = 12*m - 10*m. Suppose 0*k - 2*k = -20. Calculate the remainder when m is divided by k.
9
Suppose 5*j - 1 = 79. Let b = 31 - j. Calculate the remainder when 44 is divided by b.
14
Calculate the remainder when 115 is divided by 28 - (-4 - (0/(-3) - 3)).
28
Suppose -6 = 5*u + 5*r - 156, 83 = 3*u - 4*r. Suppose -3*a - 6 = -p - 2, -4*p + 4*a - 24 = 0. Let x = 21 + p. Calculate the remainder when u is divided by x.
9
Let o = 2 + 0. What is the remainder when ((-42)/(-7))/(-1 - -3) is divided by o?
1
Let x be 4 + -6 + 1*4. Suppose -4*q = -x*q - 10. What is the remainder when 13 is divided by q?
3
Suppose -4*i + 5*i - 25 = 0. Let y(b) be the second derivative of -b**5/20 + b**4/3 + b**3/3 + 5*b**2/2 + b. What is the remainder when i is divided by y(4)?
12
Suppose -29 = -2*n + 61. What is the remainder when n is divided by 24?
21
Suppose -5*d - 174 - 21 = 0. Let r = 258 + -161. Let b = r + d. What is the remainder when b is divided by 15?
13
Let w = -26 + 45. Let f be (-6)/9 + (-152)/(-3). Let u = f - w. What is the remainder when u is divided by 16?
15
Suppose 5*m - 2*m = 6. Suppose 7*z - 260 = m*z. Calculate the remainder when z is divided by 18.
16
Suppose c = 5*r - 2, -3*r + 6*r = 2*c - 3. Suppose -3*u - 4*o + c*o = -21, -2*o = -u. Calculate the remainder when 6 is divided by u*(4/(-3) - -2).
2
Let c be 1/(-4) - (-395)/(-4). Let a = -62 - c. Suppose -10 - 55 = -5*m. What is the remainder when a is divided by m?
11
Suppose 122 = -91*y + 93*y. Calculate the remainder when 239 is divided by y.
56
Let z(r) = -7*r**2 - 23*r - 3. Let k(g) = 4*g**2 + 12*g + 1. Let x(v) = 5*k(v) + 3*z(v). What is the remainder when 17 is divided by x(-7)?
7
Calculate the remainder when 38 is divided by (144/27)/((-2)/(-3)).
6
Let t(j) = 4*j + 7. Let d be t(-6). Let h = 28 - d. Suppose g = -2*l - 4*g + h, 3*g = -3*l + 45. Calculate the remainder when 27 is divided by l.
7
Suppose -i = 3*i + 36. Let z = 11 + i. Calculate the remainder when z is divided by 2.
0
Let w = 50 + -33. Calculate the remainder when w is divided by 6.
5
Suppose -64*u - 12 = -65*u. What is the remainder when 30 is divided by u?
6
Let r(k) = -6*k**3 - 4*k**2 - 2*k + 1. Suppose -5*f - 15 = -5. Calculate the remainder when r(f) is divided by 13.
11
Let f(p) = p**2 + 6*p - 16. Calculate the remainder when 41/(0 - 0 - -1) is divided by f(3).
8
Suppose 5*m - m - 40 = 0. Suppose 4*r = 42 + m. What is the remainder when 63 is divided by r?
11
Suppose 3*a + 5*y = -4, 3 - 1 = -y. What is the remainder when 2 is divided by a?
0
Let s = -42 - -12. Let n = s - -75. Let v = -9 - -32. What is the remainder when n is divided by v?
22
Suppose -4*q = -2*q. Suppose q = 3*d + 2*d - 265. Calculate the remainder when d is divided by 14.
11
What is the remainder when 218/6 - ((-5)/3 - -1) is divided by 8?
5
Suppose -2*a + 34 = -3*b, 3*a = -2*a + 4*b + 71. Suppose 3*k + 3*h - 48 = 0, 0*h - 2*h = k - 11. What is the remainder when k is divided by a?
10
Let o(t) = -209*t - 5. Let q be o(-5). What is the remainder when q/18 - (-14)/63 is divided by 12?
10
Let z = -2 + -2. Let h be -2*(-1)/(2 + z). Let l(u) = -21*u - 1. What is the remainder when l(h) is divided by 11?
9
Suppose -3*p + 31 - 4 = 0. Suppose u - p = 2. Calculate the remainder when 18 is divided by u.
7
Suppose n = -4*w + 37, 4*n - 3*w = -w + 166. Calculate the remainder when n is divided by 14.
13
Let m = 13 - 5. Let a be 3 + -16 + (-2 - -1). Let o = a + 36. What is the remainder when o is divided by m?
6
Suppose 369 = 4*g - 8*c + 3*c, 334 = 4*g + 2*c. Calculate the remainder when (-1 - g)*2/(-3) is divided by 20.
18
Let o = -776 + 787. Let g = 28 - 8. Calculate the remainder when g is divided by o.
9
Suppose 0 = 3*n - 11 - 121. Suppose -7*g + 58 = 3*v - 2*g, -2*g - 28 = -2*v. What is the remainder when n is divided by v?
12
Let t(o) = o**3 - 6*o**2 + 3*o + 2. Calculate the remainder when t(6) is divided by